 -29717. Suppose 2*m = -5*d + 99785, d - t = m + 4*m. Is d a prime number?
False
Is (49093/44)/(11/484) composite?
True
Suppose 37*r - 8*r = 21*r + 3350024. Is r composite?
True
Suppose 0 = 4*i - 2*i + 5*f - 3973, -f + 1 = 0. Suppose -i = 3*t - 12061. Is t prime?
True
Let w(r) = -23*r + 160. Let i be w(10). Is 68874/15 - (-42)/i a prime number?
True
Suppose 3*c + 5*r = 1762, -18*r = c - 15*r - 586. Suppose 8394 = -583*v + c*v. Is v prime?
True
Let c(d) = d**2 + 44*d + 57. Let t be c(-41). Is (2/5)/(t/(-271095)) a prime number?
False
Let i = -12 + 10. Suppose -3*r + 8 = -q + 60, 5*r - 4*q + 96 = 0. Is i/3*4/(r/996) a prime number?
False
Let z(m) = 3353*m - 139. Let k = 300 - 290. Is z(k) composite?
False
Let f be 4 + -5 + (124 - 1). Let r = f + -120. Suppose 2*m = 3*q + 15122 + 2510, -r*m = -q - 17628. Is m a prime number?
False
Let r(y) = y**3 + 5*y**2 + 3*y - 1. Let u be r(-3). Suppose u*k = 4*k. Suppose j = k, -2*f + f = j - 907. Is f a composite number?
False
Let i be 2 + ((-8)/4)/(-2). Suppose i*v - 62 = 262. Suppose 0 = -3*d - v + 3621. Is d composite?
False
Let c(p) = 3*p - 11. Let z be c(4). Let n be ((-1)/z)/((-1)/(-14)). Is (-72)/(-252) + 0 + (-1354)/n composite?
False
Let j = 1143 - 430. Let u = 207 - j. Let d = -125 - u. Is d composite?
True
Suppose 923046 = 31*p - 700889. Is p a prime number?
False
Let r(j) = 158*j**2 + 867*j + 74. Is r(-79) a composite number?
False
Suppose 43347 + 3313 = 20*k. Let c = k - 852. Is c a prime number?
True
Suppose -1463506 = -46*a + 102778 - 99666. Is a a prime number?
True
Let q be 12 + 2/((-3)/(-3 - -6)). Suppose -q*f + 15*f = 6835. Is f prime?
True
Let l be 288/8 + (-1 - -1). Let k be l/(-96) + (-19606)/(-16). Suppose q = 246 + k. Is q a prime number?
True
Is ((-652)/(-10))/(((-396)/(-183510))/11) prime?
False
Let i be 5 + (-17 - (-12)/2). Is (-32)/(-48) - 2510/i a prime number?
True
Suppose -59*t + 60*t = 2. Suppose t*r = 3*p - 2*r - 14998, -2*r + 10022 = 2*p. Is p prime?
False
Suppose 300*s - 426270868 + 132673168 = 0. Is s a composite number?
True
Let j(z) = -2571*z - 63. Let q be j(-17). Let t = q + -12075. Suppose t + 11935 = 16*b. Is b prime?
True
Let h(g) = 26 + 225*g + 6*g - 1261*g - 541*g. Let w be h(5). Let q = -5220 - w. Is q a composite number?
False
Let z = 49 + -46. Let d be z*(-10)/135 + 58/18. Suppose -d*u + 5*o - 2*o + 1863 = 0, 5*o + 2482 = 4*u. Is u a composite number?
True
Let x = 356270 + -243432. Suppose 6*p = 28*p - x. Is p a composite number?
True
Suppose -3*w - 7 = -2*d + 2, -2*d + w = -11. Suppose -r - x = d, r - 4*x = -2*x + 3. Let u(n) = -5*n**3 - 2*n**2 - 4. Is u(r) prime?
True
Is 20/(-16) - 33071335/(-220) a composite number?
False
Suppose y - 3*c = -y + 19, 5*y = -2*c. Let s be ((-112)/20)/((-1)/1105). Suppose 0 = 6*n + y - s. Is n composite?
False
Let o(b) = 3*b**2 - 18*b. Let v be o(9). Suppose 74*d - v*d + 29323 = 0. Is d a prime number?
False
Suppose 56*i - 2756487 = 3157169. Is i a composite number?
False
Suppose -50678 = -g + 5*r, 543*r = g + 544*r - 50702. Is g a prime number?
False
Let m be 0 + (1 - (0 + 49)). Let n = 41 + m. Let o(b) = 11*b**2 + 4*b + 6. Is o(n) a composite number?
True
Let o(b) = 90555*b**3 + 2*b**2 - 8*b - 2. Let p(u) = 135832*u**3 + 3*u**2 - 13*u - 3. Let c(v) = -8*o(v) + 5*p(v). Is c(-1) a prime number?
True
Let y be 7 - 5/((-5)/(-2)). Suppose 3 + 1 = -3*t - 2*q, -q + 11 = -y*t. Is 7942/66 + t/(-3) + 0 a composite number?
True
Let a(c) = 5*c**3 + 5*c**2 + c + 5. Suppose 5*u = u - 76. Let w = -15 - u. Is a(w) a prime number?
True
Let o = -244 + 268. Suppose 0 = o*n - 75025 - 49559. Is n prime?
False
Is (3/(-2) - 322/(-92))*(-11823)/(-6) a prime number?
False
Let v = 494360 + -258255. Is v composite?
True
Suppose 3*z + 5*s + 18 = 0, 0*z = 3*z - 3*s - 6. Let q be (419 - (-1 - 1/z))*1. Suppose 4*i = 5*i - q. Is i composite?
False
Suppose 50 = -3*d - 4*h + 82, h = -5*d + 25. Let m be (2 - 1 - 3) + -696. Is (m + -1)*((-5 - 0) + d) a composite number?
True
Suppose -35*c + 48 = -34*c. Suppose 5*a + 59 - 4 = 4*x, 4*x - c = 4*a. Let g(r) = r**2 + 6*r + 18. Is g(a) a composite number?
True
Let q = 302546 + -130975. Is q a prime number?
True
Let q = -1235256 + 2204999. Is q composite?
False
Suppose -5*m - 616 = 2*j, -4*m + m - 4*j - 364 = 0. Is 0 - (-43)/((2 - 6)/m) composite?
True
Let q be 75 + (-5)/(-10)*2/(-1). Suppose 0 = 3*i - 409 - q. Is i prime?
False
Suppose 255*a - 5*h + 94518 = 257*a, 94514 = 2*a + 4*h. Is a composite?
True
Suppose 0 = 177*m - 179*m + x + 584676, -877005 = -3*m - 3*x. Is m prime?
False
Let a(m) = 2*m**2 - 9*m + 14. Let p be a(4). Suppose 2*k + p = 0, 49347 = 4*x - 0*k + k. Suppose 2*l + 2 = 3*l, l = 4*g - x. Is g composite?
True
Is (-4*(-4)/(-80))/(1*(-2)/2697410) composite?
False
Let t be 6162/2 + (-11 - -8). Let i = t - -9433. Is i composite?
False
Suppose 71973127 + 6718958 = 207*w. Is w a composite number?
True
Suppose 2*n - v - 4 = -0, -4 = -2*n + 3*v. Suppose -n*y = -3*d - 3591 - 5648, 0 = 5*y + 2*d - 23107. Is y composite?
False
Suppose 3*s - 4*h = -h - 12, -4 = -s - 3*h. Is 0*(3 + s)/(-2) + 8009 a prime number?
True
Let p = 118 + -138. Let y be 1/(-8)*-130*p. Let z = y - -2376. Is z a prime number?
False
Let i(j) = 3809*j - 2105. Is i(56) prime?
True
Let q = 46 - 28. Let d = q + 79. Suppose -6*a + 7*a = d. Is a a composite number?
False
Let t(r) = 2*r**3 - 1 - 14*r + 9*r**2 - 3*r**3 + 28*r. Let k be t(11). Let g = k + 406. Is g a composite number?
False
Let t(g) = 1109*g**2 - 44*g + 2. Let b be t(4). Suppose -6*k + b = -5608. Is k prime?
True
Let k(p) = 5*p + 0*p - 11*p - 7. Let z be k(-2). Suppose -6*u + 12 = -3*u, z*m - u - 126 = 0. Is m a composite number?
True
Is 11/(-22)*(5 + -40959) composite?
False
Let f = -59 + 63. Suppose -s = -f*x - 17, -2*x = -5*x - 6. Suppose 409 = 10*i - s*i. Is i prime?
True
Let i = 37 + -92. Let t be (-67947)/i - (-6)/10. Let k = t - -665. Is k a prime number?
True
Suppose 497*h + 54699333 = 156*h + 164558962. Is h a composite number?
False
Let n(l) be the first derivative of -8*l**3/3 + 47*l**2 + 5*l - 223. Is n(9) composite?
True
Let b(m) = 11*m**3 + 12*m**2 - 9*m + 5. Let r(w) = 9 - 10 + 6*w**2 + 3*w**3 + 3 + 3*w**3 - 4*w. Let q(o) = -3*b(o) + 7*r(o). Is q(3) a composite number?
False
Suppose 16*w - 19*w = -14349. Let x = w + -2721. Is x prime?
False
Let t be (-9765 - 4) + (-14 - -10). Let u = 21362 + t. Is u a prime number?
False
Let r(i) = 23*i**2 + i. Let d be r(-2). Suppose -84*m = -79*m + d. Is 3/m - (-22)/(-12) - -763 prime?
True
Let g(v) = v**3 + 6*v**2 - 16. Let w be g(-4). Suppose 17*t - w*t - 1637 = 0. Is t a prime number?
True
Let r(o) = -o**2 - 5*o - 4041. Let a(q) = 2*q**2 + 5*q + 4042. Let i(p) = -2*a(p) - 3*r(p). Is i(0) a prime number?
False
Let h(v) = v**3 - 11*v**2 + 5*v + 44. Let i be h(10). Let q(n) = -12*n**3 - 3*n**2 + 20*n + 110. Is q(i) composite?
True
Let f(w) = w**2 + 3*w. Let b be f(-5). Suppose 0 = -4*c + b*c - 28584. Suppose -c = 10*s - 14*s. Is s prime?
False
Let z(p) be the second derivative of -693*p**5/10 - 2*p**4/3 - 5*p**3/6 + 3*p**2 - 49*p - 2. Is z(-3) prime?
False
Suppose 3*m - 89147 = -147*v + 149*v, 4 = 2*v. Is m a prime number?
True
Let x(l) = -2850*l**3 + 3*l + 2. Is x(-3) a prime number?
True
Let y = 674 + -5770. Let k = y + 10314. Is k a prime number?
False
Let g = 5218 + -4460. Is g composite?
True
Suppose 5*f = 12*f - 28. Suppose -5*q - f = -6*q. Suppose -3*t = 3*m - 10 - 251, -4*m - 364 = -q*t. Is t a composite number?
False
Suppose 5*h - 12 - 27 = 4*z, -3*z - 21 = -h. Let m be -3*(-10)/(-45) - 16/z. Suppose m*x - 5965 = -3*x. Is x prime?
True
Let v(l) = 31623*l - 563. Is v(2) composite?
False
Let j be (-5 + 3)*1102 + 0 + -2. Let h be j*5/(-30) - (-6)/(-9). Is (-7 - -9)/(1/h) prime?
False
Suppose -4*d - 34482 = -7*b + 2*b, -d = -2. Suppose -86*p - b = -88*p. Is p composite?
False
Is (-11)/(55/25) - (-154629 - 3) a prime number?
False
Suppose 741484 = 45*h - 4953311. Is h composite?
False
Suppose -4*f - 3*f + 88018 = 7*f. Is f prime?
True
Let i = -85341 - -121424. Is i a composite number?
False
Let d(p) = 367*p**2 + 3*p + 7. Let y be d(2). Let x = y + -780. Is x composite?
False
Let k be 21*(1 - 0)*56/(-168). Let b(c) = 279*c - 10. Let o(v) = -280*v + 11. Let t(h) = -5*b(h) - 4*o(h). Is t(k) prime?
True
Let g(z) = -2*z + 21. Let a